{"id":375,"date":"2022-04-13T17:03:17","date_gmt":"2022-04-13T17:03:17","guid":{"rendered":"https:\/\/heilpraktikerin-kernen.de\/?page_id=375"},"modified":"2024-01-31T09:21:56","modified_gmt":"2024-01-31T09:21:56","slug":"individuelle-spagyrik","status":"publish","type":"page","link":"https:\/\/heilpraktiker-dresden.care\/?page_id=375","title":{"rendered":"Individuelle Spagyrik"},"content":{"rendered":"\n<div class=\"wp-block-columns is-layout-flex wp-container-core-columns-is-layout-9d6595d7 wp-block-columns-is-layout-flex\">\n<div class=\"wp-block-column is-layout-flow wp-block-column-is-layout-flow\"><\/div>\n<\/div>\n\n\n\n<div class=\"wp-block-columns is-layout-flex wp-container-core-columns-is-layout-9d6595d7 wp-block-columns-is-layout-flex\">\n<div class=\"wp-block-column is-layout-flow wp-block-column-is-layout-flow\" style=\"flex-basis:66.66%\">\n<p>Der Begriff Spagyrik\u00a0 stammt aus dem Griechischen und hat die Bedeutung von \u201eTrennen und Vereinen\u201c.<\/p>\n<p>Die Spagyrik z\u00e4hlt zu den \u00e4ltesten Therapieverfahren innerhalb der ganzheitlich ausgerichteten Medizin. Ihre Urspr\u00fcnge liegen schon im antiken \u00c4gypten, finden aber in dem Arzt Paracelsus ihren letzten H\u00f6hepunkt.<\/p>\n<p>Die Spagyrik ist in erster Linie eine Arzneitherapie, in deren Zentrum die Heilmittelherstellung liegt. Bei der Herstellung findet ein mehrstufiger spagyrischer Grundprozess statt, bestehend aus G\u00e4rung, Destillation und Veraschung.<\/p>\n<p>In meiner Praxis arbeite ich mit Pflanzen- und Mineral-Spagyrik. F\u00fcr ein konkretes Krankheitsbild werden passende Substanzen zu individuellen Komplexen rezeptiert. Dadurch ist es m\u00f6glich, eine auf jeden Einzelfall zugeschnittene spagyrische Behandlung zu konzipieren (auch f\u00fcr Kinder sehr gut geeignet).<\/p>\n<\/div>\n\n\n\n<div class=\"wp-block-column is-layout-flow wp-block-column-is-layout-flow\" style=\"flex-basis:33.33%\">\n<figure class=\"wp-block-image size-full\"><img loading=\"lazy\" decoding=\"async\" width=\"517\" height=\"340\" src=\"https:\/\/heilpraktikerin-kernen.de\/wp-content\/uploads\/2022\/04\/Spagyrik1.jpg\" alt=\"\" class=\"wp-image-513\" srcset=\"https:\/\/heilpraktiker-dresden.care\/wp-content\/uploads\/2022\/04\/Spagyrik1.jpg 517w, https:\/\/heilpraktiker-dresden.care\/wp-content\/uploads\/2022\/04\/Spagyrik1-300x197.jpg 300w\" sizes=\"auto, (max-width: 517px) 100vw, 517px\" \/><\/figure>\n\n\n\n<figure class=\"wp-block-image size-full\"><img loading=\"lazy\" decoding=\"async\" width=\"510\" height=\"340\" src=\"https:\/\/heilpraktikerin-kernen.de\/wp-content\/uploads\/2022\/04\/Spagyrik2.jpg\" alt=\"\" class=\"wp-image-514\" srcset=\"https:\/\/heilpraktiker-dresden.care\/wp-content\/uploads\/2022\/04\/Spagyrik2.jpg 510w, https:\/\/heilpraktiker-dresden.care\/wp-content\/uploads\/2022\/04\/Spagyrik2-300x200.jpg 300w\" sizes=\"auto, (max-width: 510px) 100vw, 510px\" \/><\/figure>\n<\/div>\n<\/div>\n","protected":false},"excerpt":{"rendered":"<p>Der Begriff Spagyrik\u00a0 stammt aus dem Griechischen und hat die Bedeutung von \u201eTrennen und Vereinen\u201c. Die Spagyrik z\u00e4hlt zu den \u00e4ltesten Therapieverfahren innerhalb der ganzheitlich ausgerichteten Medizin. Ihre Urspr\u00fcnge liegen schon im antiken \u00c4gypten, finden aber in dem Arzt Paracelsus ihren letzten H\u00f6hepunkt. Die Spagyrik ist in erster Linie eine Arzneitherapie, in deren Zentrum die&hellip;&nbsp;<a href=\"https:\/\/heilpraktiker-dresden.care\/?page_id=375\" class=\"\" rel=\"bookmark\">Weiterlesen &raquo;<span class=\"screen-reader-text\">Individuelle Spagyrik<\/span><\/a><\/p>\n","protected":false},"author":2,"featured_media":0,"parent":0,"menu_order":0,"comment_status":"closed","ping_status":"closed","template":"","meta":{"neve_meta_sidebar":"","neve_meta_container":"","neve_meta_enable_content_width":"","neve_meta_content_width":0,"neve_meta_title_alignment":"","neve_meta_author_avatar":"","neve_post_elements_order":"","neve_meta_disable_header":"","neve_meta_disable_footer":"","neve_meta_disable_title":"","_ti_tpc_template_sync":false,"_ti_tpc_template_id":"","footnotes":""},"class_list":["post-375","page","type-page","status-publish","hentry"],"_links":{"self":[{"href":"https:\/\/heilpraktiker-dresden.care\/index.php?rest_route=\/wp\/v2\/pages\/375","targetHints":{"allow":["GET"]}}],"collection":[{"href":"https:\/\/heilpraktiker-dresden.care\/index.php?rest_route=\/wp\/v2\/pages"}],"about":[{"href":"https:\/\/heilpraktiker-dresden.care\/index.php?rest_route=\/wp\/v2\/types\/page"}],"author":[{"embeddable":true,"href":"https:\/\/heilpraktiker-dresden.care\/index.php?rest_route=\/wp\/v2\/users\/2"}],"replies":[{"embeddable":true,"href":"https:\/\/heilpraktiker-dresden.care\/index.php?rest_route=%2Fwp%2Fv2%2Fcomments&post=375"}],"version-history":[{"count":6,"href":"https:\/\/heilpraktiker-dresden.care\/index.php?rest_route=\/wp\/v2\/pages\/375\/revisions"}],"predecessor-version":[{"id":648,"href":"https:\/\/heilpraktiker-dresden.care\/index.php?rest_route=\/wp\/v2\/pages\/375\/revisions\/648"}],"wp:attachment":[{"href":"https:\/\/heilpraktiker-dresden.care\/index.php?rest_route=%2Fwp%2Fv2%2Fmedia&parent=375"}],"curies":[{"name":"wp","href":"https:\/\/api.w.org\/{rel}","templated":true}]}}